lions digit of 469044922?
9
What is the hundreds digit of 2405476899?
8
What is the millions digit of 34106278?
4
What is the hundred thousands digit of 445347527?
3
What is the thousands digit of 86147372?
7
What is the units digit of 394671506?
6
What is the millions digit of 1065992835?
5
What is the hundreds digit of 226323940?
9
What is the ten thousands digit of 16564876?
6
What is the hundred thousands digit of 938817459?
8
What is the ten millions digit of 47603053?
4
What is the hundreds digit of 89740092?
0
What is the hundred thousands digit of 1317926421?
9
What is the thousands digit of 67244340?
4
What is the millions digit of 203077201?
3
What is the millions digit of 65287231?
5
What is the hundred thousands digit of 7829284?
8
What is the thousands digit of 687959061?
9
What is the ten thousands digit of 874188657?
8
What is the ten thousands digit of 2165727471?
2
What is the hundred millions digit of 106873128?
1
What is the hundred millions digit of 341132629?
3
What is the thousands digit of 2631953981?
3
What is the units digit of 1546864574?
4
What is the ten millions digit of 4248850154?
4
What is the ten thousands digit of 22783650?
8
What is the tens digit of 872285094?
9
What is the millions digit of 255655329?
5
What is the ten thousands digit of 1054106357?
0
What is the hundred thousands digit of 719441496?
4
What is the ten millions digit of 995945225?
9
What is the hundred thousands digit of 221105737?
1
What is the hundred thousands digit of 748654698?
6
What is the hundred millions digit of 197896965?
1
What is the ten millions digit of 1120263738?
2
What is the thousands digit of 4565212541?
2
What is the hundred thousands digit of 314907576?
9
What is the billions digit of 5807823420?
5
What is the millions digit of 100725249?
0
What is the hundreds digit of 79313642?
6
What is the thousands digit of 4825839553?
9
What is the ten millions digit of 5131471550?
3
What is the ten millions digit of 1095238603?
9
What is the units digit of 68893395?
5
What is the units digit of 3523769472?
2
What is the billions digit of 4764312574?
4
What is the units digit of 4169536575?
5
What is the tens digit of 1874016356?
5
What is the millions digit of 287058770?
7
What is the millions digit of 199835708?
9
What is the units digit of 107978328?
8
What is the millions digit of 4179132390?
9
What is the ten thousands digit of 74166014?
6
What is the millions digit of 366536922?
6
What is the millions digit of 261279175?
1
What is the hundred thousands digit of 350829498?
8
What is the ten millions digit of 54447102?
5
What is the ten millions digit of 10364080?
1
What is the tens digit of 173343202?
0
What is the ten thousands digit of 3130180370?
8
What is the tens digit of 111571068?
6
What is the hundred millions digit of 346932362?
3
What is the ten millions digit of 285882676?
8
What is the hundred millions digit of 156759722?
1
What is the thousands digit of 9417394?
7
What is the tens digit of 48418021?
2
What is the hundreds digit of 151798178?
1
What is the thousands digit of 1158937539?
7
What is the units digit of 101661372?
2
What is the ten millions digit of 2673290576?
7
What is the units digit of 455201991?
1
What is the thousands digit of 318784699?
4
What is the hundred thousands digit of 201454793?
4
What is the units digit of 2139934055?
5
What is the hundred thousands digit of 292352313?
3
What is the units digit of 185652268?
8
What is the units digit of 92583606?
6
What is the hundred millions digit of 2714597709?
7
What is the tens digit of 847953903?
0
What is the hundred millions digit of 1451649002?
4
What is the thousands digit of 853686829?
6
What is the hundred millions digit of 681419223?
6
What is the thousands digit of 29824710?
4
What is the ten millions digit of 85611999?
8
What is the ten thousands digit of 279034426?
3
What is the thousands digit of 248909311?
9
What is the hundred millions digit of 1603883866?
6
What is the hundred thousands digit of 162218829?
2
What is the hundred thousands digit of 2851490390?
4
What is the millions digit of 3261692879?
1
What is the hundred millions digit of 1306378842?
3
What is the hundreds digit of 2790803183?
1
What is the hundreds digit of 170393945?
9
What is the hundreds digit of 652466190?
1
What is the hundreds digit of 115090113?
1
What is the ten thousands digit of 51747043?
4
What is the hundred millions digit of 496435338?
4
What is the tens digit of 567018598?
9
What is the millions digit of 492604537?
2
What is the ten millions digit of 4093946032?
9
What is the millions digit of 4467427847?
7
What is the hundreds digit of 131981882?
8
What is the hundred millions digit of 619043628?
6
What is the hundreds digit of 24846909?
9
What is the hundred millions digit of 3654403568?
6
What is the millions digit of 77645694?
7
What is the ten thousands digit of 8320780373?
8
What is the millions digit of 4354755?
4
What is the millions digit of 49239748?
9
What is the ten millions digit of 78767702?
7
What is the tens digit of 121510885?
8
What is the hundred thousands digit of 2600120743?
1
What is the hundreds digit of 225730399?
3
What is the hundred thousands digit of 30336952?
3
What is the ten thousands digit of 1767738667?
3
What is the hundred thousands digit of 509289950?
2
What is the millions digit of 27925405?
7
What is the hundred millions digit of 1836775426?
8
What is the hundred millions digit of 424331710?
4
What is the tens digit of 1673681431?
3
What is the thousands digit of 312368567?
8
What is the hundred thousands digit of 71664433?
6
What is the millions digit of 811963225?
1
What is the units digit of 133931810?
0
What is the hundred thousands digit of 29460194?
4
What is the tens digit of 115387706?
0
What is the tens digit of 31787596?
9
What is the millions digit of 2211808265?
1
What is the tens digit of 742523013?
1
What is the units digit of 1542346505?
5
What is the ten thousands digit of 1113214988?
1
What is the hundred thousands digit of 257857105?
8
What is the tens digit of 206580247?
4
What is the hundred thousands digit of 147383863?
3
What is the units digit of 18055347?
7
What is the billions digit of 4305257254?
4
What is the hundred millions digit of 226654662?
2
What is the thousands digit of 1047254461?
4
What is the hundred millions digit of 4098097968?
0
What is the tens digit of 202834319?
1
What is the millions digit of 17705529?
7
What is the hundred thousands digit of 80436792?
4
What is the thousands digit of 1502578166?
8
What is the units digit of 52382736?
6
What is the ten millions digit of 568086243?
6
What is the units digit of 45989248?
8
What is the hundred millions digit of 1171002785?
1
What is the ten thousands digit of 113704373?
0
What is the hundred millions digit of 4888083021?
8
What is the thousands digit of 8497341538?
1
What is the hundred millions digit of 876285206?
8
What is the thousands digit of 94387197?
7
What is the ten millions digit of 349679237?
4
What is the tens digit of 64927410?
1
What is the millions digit of 4336973194?
6
What is the thousands digit of 87563902?
3
What is the thousands digit of 6320368?
0
What is the tens digit of 623740707?
0
What is the hundreds digit of 2228223498?
4
What is the ten millions digit of 30456333?
3
What is the billions digit of 1618752915?
1
What is the millions digit of 1261446794?
1
What is the tens digit of 39655294?
9
What is the millions digit of 23135176?
3
What is the tens digit of 1059798190?
9
What is the ten millions digit of 24554217?
2
What is the units digit of 205366150?
0
What is the hundred millions digit of 4993679517?
9
What is the hundred thousands digit of 325197496?
1
What is the units digit of 271292666?
6
What is the thousands digit of 655521911?
1
What is the tens digit of 220194699?
9
What is the tens digit of 331731701?
0
What is the ten millions digit of 1061127742?
6
What is the units digit of 763012987?
7
What is the ten millions digit of 122461257?
2
What is the millions digit of 18206284?
8
What is the units digit of 63357050?
0
What is the ten thousands digit of 400818625?
1
What is the ten thousands digit of 46868567?
6
What is the hundred millions digit of 3462288045?
4
What is the hun